{"id":805,"date":"2026-04-25T17:05:29","date_gmt":"2026-04-25T21:05:29","guid":{"rendered":"https:\/\/institutociranda.org.br\/2026\/?post_type=galeria-de-video&#038;p=805"},"modified":"2026-04-26T00:07:08","modified_gmt":"2026-04-26T04:07:08","slug":"orquestra-cirandamundo-antonio-vivaldi-concerto-no-8-para-dois-violinos-e-cordas-ii-adagio","status":"publish","type":"galeria-de-video","link":"https:\/\/institutociranda.org.br\/2026\/galeria-de-video\/orquestra-cirandamundo-antonio-vivaldi-concerto-no-8-para-dois-violinos-e-cordas-ii-adagio\/","title":{"rendered":"Orquestra CirandaMundo &#8211; Antonio Vivaldi, Concerto n\u00ba 8 para dois violinos e cordas (II. Adagio)"},"content":{"rendered":"\n<p>Abrimos a Temporada 2025 da Orquestra CirandaMundo com a casa cheia! No Teatro do Sesc Arsenal, reg\u00eancia do maestro Murilo Alves , a Orquestra recebeu os violinistas Mathias Santos e Yndira Villarroel para um concerto muito especial. No repert\u00f3rio Antonio Vivaldi, Concerto n\u00ba 8 para dois violinos e cordas (II. Adagio). A Orquestra CirandaMundo inaugura seu 11\u00ba ano de atua\u00e7\u00e3o, promovendo concertos gratuitos, desempenhando um importante papel cultural, social e art\u00edsticos, democratizando o acesso \u00e0 m\u00fasica de concerto com espet\u00e1culos de qualidade. Realizado pelo Instituto Ciranda, que em 2025 celebra 22 anos de atua\u00e7\u00e3o em Mato Grosso, o concerto de abertura da Temporada Artista contou com a parceria do Governo de Mato Grosso, por meio da Secretaria Estadual de Cultura, Esporte e Lazer (Secel-MT). O projeto tamb\u00e9m conta com o importante apoio de empresas e parceiros como Bom Futuro, Sicoob, Instituto Saga, Assembleia Social (ALMT), Ruhling, Ampa e Trael.<a href=\"https:\/\/www.youtube.com\/@tvciranda\"><\/a><\/p>\n","protected":false},"featured_media":0,"parent":0,"template":"","meta":{"_acf_changed":true},"tipo-de-evento":[67],"class_list":["post-805","galeria-de-video","type-galeria-de-video","status-publish","hentry","tipo-de-evento-concertos"],"acf":{"link_youtube":"https:\/\/www.youtube.com\/watch?v=WZqgpfJVHqo"},"_links":{"self":[{"href":"https:\/\/institutociranda.org.br\/2026\/wp-json\/wp\/v2\/galeria-de-video\/805","targetHints":{"allow":["GET"]}}],"collection":[{"href":"https:\/\/institutociranda.org.br\/2026\/wp-json\/wp\/v2\/galeria-de-video"}],"about":[{"href":"https:\/\/institutociranda.org.br\/2026\/wp-json\/wp\/v2\/types\/galeria-de-video"}],"wp:attachment":[{"href":"https:\/\/institutociranda.org.br\/2026\/wp-json\/wp\/v2\/media?parent=805"}],"wp:term":[{"taxonomy":"tipo-de-evento","embeddable":true,"href":"https:\/\/institutociranda.org.br\/2026\/wp-json\/wp\/v2\/tipo-de-evento?post=805"}],"curies":[{"name":"wp","href":"https:\/\/api.w.org\/{rel}","templated":true}]}}

Orquestra CirandaMundo &#8211; Antonio Vivaldi, Concerto nº 8 para dois violinos e cordas (II. Adagio)

<p>Abrimos a Temporada 2025 da Orquestra CirandaMundo com a casa cheia! No Teatro do Sesc Arsenal, regência do maestro Murilo Alves , a Orquestra recebeu os violinistas Mathias Santos e Yndira Villarroel para um concerto muito especial. No repertório Antonio Vivaldi, Concerto nº 8 para dois violinos e cordas (II. Adagio). A Orquestra CirandaMundo inaugura seu 11º ano de atuação, promovendo concertos gratuitos, desempenhando um importante papel cultural, social e artísticos, democratizando o acesso à música de concerto com espetáculos de qualidade. Realizado pelo Instituto Ciranda, que em 2025 celebra 22 anos de atuação em Mato Grosso, o concerto de abertura da Temporada Artista contou com a parceria do Governo de Mato Grosso, por meio da Secretaria Estadual de Cultura, Esporte e Lazer (Secel-MT). O projeto também conta com o importante apoio de empresas e parceiros como Bom Futuro, Sicoob, Instituto Saga, Assembleia Social (ALMT), Ruhling, Ampa e Trael.<a href="https://www.youtube.com/@tvciranda"></a></p>
