{"id":601,"date":"2026-02-04T18:08:18","date_gmt":"2026-02-04T22:08:18","guid":{"rendered":"http:\/\/sh00140.teste.website\/~leonni02\/institutociranda\/?post_type=transparencia&#038;p=601"},"modified":"2026-02-04T18:09:21","modified_gmt":"2026-02-04T22:09:21","slug":"prestcao-de-contas","status":"publish","type":"transparencia","link":"https:\/\/institutociranda.org.br\/2026\/transparencia\/prestcao-de-contas\/","title":{"rendered":"Presta\u00e7\u00e3o de Contas"},"content":{"rendered":"\n<p>A \u00e1rea de Transpar\u00eancia do Instituto Ciranda \u2013 M\u00fasica e Cidadania tem como objetivo garantir o acesso p\u00fablico \u00e0s informa\u00e7\u00f5es institucionais, refor\u00e7ando o compromisso com a \u00e9tica, a responsabilidade na gest\u00e3o de recursos e a presta\u00e7\u00e3o de contas \u00e0 sociedade. Neste espa\u00e7o, s\u00e3o disponibilizados dados, relat\u00f3rios, documentos oficiais e informa\u00e7\u00f5es administrativas que demonstram, de forma clara e organizada, as a\u00e7\u00f5es, parcerias e resultados alcan\u00e7ados pela institui\u00e7\u00e3o<\/p>\n","protected":false},"featured_media":13,"parent":0,"template":"","meta":{"_acf_changed":false},"local-de-exibicao":[21],"transparencia-ano":[],"transparencia-secao":[],"class_list":["post-601","transparencia","type-transparencia","status-publish","has-post-thumbnail","hentry","local-de-exibicao-home-2"],"acf":[],"_links":{"self":[{"href":"https:\/\/institutociranda.org.br\/2026\/wp-json\/wp\/v2\/transparencia\/601","targetHints":{"allow":["GET"]}}],"collection":[{"href":"https:\/\/institutociranda.org.br\/2026\/wp-json\/wp\/v2\/transparencia"}],"about":[{"href":"https:\/\/institutociranda.org.br\/2026\/wp-json\/wp\/v2\/types\/transparencia"}],"wp:featuredmedia":[{"embeddable":true,"href":"https:\/\/institutociranda.org.br\/2026\/wp-json\/wp\/v2\/media\/13"}],"wp:attachment":[{"href":"https:\/\/institutociranda.org.br\/2026\/wp-json\/wp\/v2\/media?parent=601"}],"wp:term":[{"taxonomy":"local-de-exibicao","embeddable":true,"href":"https:\/\/institutociranda.org.br\/2026\/wp-json\/wp\/v2\/local-de-exibicao?post=601"},{"taxonomy":"transparencia-ano","embeddable":true,"href":"https:\/\/institutociranda.org.br\/2026\/wp-json\/wp\/v2\/transparencia-ano?post=601"},{"taxonomy":"transparencia-secao","embeddable":true,"href":"https:\/\/institutociranda.org.br\/2026\/wp-json\/wp\/v2\/transparencia-secao?post=601"}],"curies":[{"name":"wp","href":"https:\/\/api.w.org\/{rel}","templated":true}]}}

Prestação de Contas

<p>A área de Transparência do Instituto Ciranda – Música e Cidadania tem como objetivo garantir o acesso público às informações institucionais, reforçando o compromisso com a ética, a responsabilidade na gestão de recursos e a prestação de contas à sociedade. Neste espaço, são disponibilizados dados, relatórios, documentos oficiais e informações administrativas que demonstram, de forma clara e organizada, as ações, parcerias e resultados alcançados pela instituição</p>
